e prime factors of 54546489.
3, 17, 43, 8291
What are the prime factors of 585382455?
3, 5, 7, 31, 151, 397
What are the prime factors of 2388997526?
2, 43, 977, 28433
List the prime factors of 6190328447.
6190328447
List the prime factors of 479851371.
3, 29, 149, 457
What are the prime factors of 1550307580?
2, 5, 41, 101, 18719
What are the prime factors of 1914907366?
2, 23, 521, 79901
What are the prime factors of 11916686?
2, 19, 313597
What are the prime factors of 2219144953?
281, 863, 9151
What are the prime factors of 43610995?
5, 223, 39113
List the prime factors of 8995120.
2, 5, 229, 491
What are the prime factors of 19028926?
2, 7, 1359209
List the prime factors of 71847169.
71847169
What are the prime factors of 16116911?
47, 139, 2467
What are the prime factors of 63332156?
2, 23, 688393
List the prime factors of 1707373524.
2, 3, 5801, 24527
List the prime factors of 49596394.
2, 211, 557
List the prime factors of 35912981.
13, 2762537
List the prime factors of 180512246.
2, 71, 1271213
List the prime factors of 585046457.
233, 1549, 1621
What are the prime factors of 118354806?
2, 3, 389, 16903
What are the prime factors of 72666753?
3, 271, 89381
What are the prime factors of 503425320?
2, 3, 5, 4195211
What are the prime factors of 174677867?
7, 13, 1193, 1609
List the prime factors of 503132076.
2, 3, 1129, 12379
What are the prime factors of 1311052972?
2, 19, 43, 401179
List the prime factors of 144536455.
5, 7, 4129613
What are the prime factors of 236124881?
397, 594773
List the prime factors of 814777500.
2, 3, 5, 108637
What are the prime factors of 8085343319?
8085343319
What are the prime factors of 1088973?
3, 120997
What are the prime factors of 41365861?
29, 1117, 1277
What are the prime factors of 452594648?
2, 11, 29, 67, 2647
What are the prime factors of 309622186?
2, 154811093
List the prime factors of 162231543.
3, 18025727
What are the prime factors of 3552764283?
3, 394751587
What are the prime factors of 870904541?
13, 66992657
What are the prime factors of 2411062388?
2, 7, 4673, 18427
What are the prime factors of 5237068046?
2, 7, 374076289
What are the prime factors of 1447966483?
17, 313, 503, 541
What are the prime factors of 32229482?
2, 16114741
List the prime factors of 612636983.
7, 87519569
What are the prime factors of 17021242?
2, 7, 23, 52861
What are the prime factors of 270821261?
270821261
What are the prime factors of 32069871?
3, 17, 109, 641
What are the prime factors of 1949470256?
2, 73, 157, 10631
List the prime factors of 54283086.
2, 3, 11, 13, 21089
What are the prime factors of 138781613?
53, 2618521
What are the prime factors of 1007376655?
5, 23, 8759797
List the prime factors of 1259224476.
2, 3, 17, 71, 86939
What are the prime factors of 756975681?
3, 7, 11, 97, 11261
List the prime factors of 259946520.
2, 3, 5, 2166221
What are the prime factors of 259457253?
3, 11, 83, 94727
List the prime factors of 285744479.
23, 12423673
List the prime factors of 8390779481.
7, 47, 25503889
What are the prime factors of 64373?
64373
What are the prime factors of 49805650?
2, 5, 19, 103, 509
List the prime factors of 459090079.
7, 41, 1599617
What are the prime factors of 106621595?
5, 61, 349579
What are the prime factors of 5801634388?
2, 11, 131855327
List the prime factors of 441277297.
441277297
What are the prime factors of 333199377?
3, 7, 31, 170609
What are the prime factors of 2081483681?
53, 2609, 15053
List the prime factors of 843631741.
843631741
List the prime factors of 39024366.
2, 3, 19, 342319
List the prime factors of 652342300.
2, 5, 31, 163, 1291
What are the prime factors of 293690798?
2, 4327, 33937
List the prime factors of 2083758585.
3, 5, 163, 852253
What are the prime factors of 47833521?
3, 15944507
List the prime factors of 614320952.
2, 7, 2143, 5119
What are the prime factors of 183072067?
183072067
List the prime factors of 72463883.
4091, 17713
What are the prime factors of 52884842?
2, 67, 563, 701
List the prime factors of 263961674.
2, 8887, 14851
List the prime factors of 7692542.
2, 11, 13, 2069
What are the prime factors of 1819198?
2, 909599
List the prime factors of 1220804136.
2, 3, 17, 110821
List the prime factors of 1896362530.
2, 5, 1667, 113759
List the prime factors of 112733303.
71, 97, 16369
What are the prime factors of 272403529?
17, 739, 21683
List the prime factors of 1198715528.
2, 149839441
What are the prime factors of 25635175?
5, 1025407
What are the prime factors of 200163302?
2, 137, 449, 1627
What are the prime factors of 22278944?
2, 19, 36643
List the prime factors of 33648227.
3677, 9151
What are the prime factors of 3763230207?
3, 11, 114037279
List the prime factors of 26739979.
7, 3819997
What are the prime factors of 2253206537?
17, 41, 1567, 2063
List the prime factors of 461899825.
5, 18475993
What are the prime factors of 339127962?
2, 3, 23, 2457449
List the prime factors of 932379909.
3, 17, 37, 494107
List the prime factors of 3288076932.
2, 3, 7, 2689, 14557
What are the prime factors of 131809393?
131809393
List the prime factors of 395014378.
2, 11, 79, 227281
What are the prime factors of 563087015?
5, 1103, 102101
What are the prime factors of 332435929?
7, 47490847
List the prime factors of 649204549.
7, 73, 113, 11243
List the prime factors of 153102171.
3, 19, 47, 57149
What are the prime factors of 742595240?
2, 5, 19, 59, 16561
List the prime factors of 3312757540.
2, 5, 19, 8717783
What are the prime factors of 175172723?
11, 19, 31, 1423
What are the prime factors of 368760660?
2, 3, 5, 6146011
List the prime factors of 2970193614.
2, 3, 3221, 153689
List the prime factors of 56664643.
7, 241, 33589
What are the prime factors of 14647895?
5, 23, 127373
List the prime factors of 141930355.
5, 7, 23, 157, 1123
List the prime factors of 36748665.
3, 5, 83, 9839
What are the prime factors of 202179774?
2, 3, 41, 821869
List the prime factors of 290645766.
2, 3, 5382329
List the prime factors of 447300537.
3, 149100179
List the prime factors of 635267659.
13, 23, 281, 7561
What are the prime factors of 707830665?
3, 5, 47188711
What are the prime factors of 1852912364?
2, 109, 4249799
What are the prime factors of 70246823?
173, 463, 877
What are the prime factors of 211933644?
2, 3, 13, 53, 25633
List the prime factors of 96188995.
5, 7, 2748257
List the prime factors of 1160394247.
137, 8470031
List the prime factors of 198507716.
2, 11, 691, 6529
What are the prime factors of 1264832473?
1264832473
List the prime factors of 2071227871.
2071227871
What are the prime factors of 6243329366?
2, 41, 76138163
List the prime factors of 1101926727.
3, 11, 971, 3821
What are the prime factors of 4042655526?
2, 3, 7, 13, 827, 1279
List the prime factors of 1364580718.
2, 17, 53, 757259
What are the prime factors of 4807950663?
3, 1602650221
What are the prime factors of 48757388?
2, 199, 61253
List the prime factors of 855303906.
2, 3, 142550651
What are the prime factors of 610007555?
5, 122001511
What are the prime factors of 2437375558?
2, 31, 1409, 27901
What are the prime factors of 34010635?
5, 43, 158189
What are the prime factors of 824634463?
509, 1620107
What are the prime factors of 952129168?
2, 3877, 15349
List the prime factors of 1385326211.
12241, 113171
List the prime factors of 304196065.
5, 60839213
List the prime factors of 101689113.
3, 1399, 24229
What are the prime factors of 3943984?
2, 11, 22409
What are the prime factors of 77444167?
59, 73, 17981
List the prime factors of 132801474.
2, 3, 13, 1217, 1399
List the prime factors of 53361566.
2, 29, 53, 17359
List the prime factors of 7002079206.
2, 3, 53, 79, 167, 1669
List the prime factors of 416377345.
5, 17, 41, 157, 761
What are the prime factors of 776198900?
2, 5, 7761989
What are the prime factors of 687260437?
687260437
What are the prime factors of 530801116?
2, 43, 311, 9923
List the prime factors of 2333901857.
7, 547, 609533
List the prime factors of 37443745.
5, 1321, 5669
What are the prime factors of 992673641?
137, 52889
List the prime factors of 1077980597.
641, 1681717
List the prime factors of 9607644.
2, 3, 31, 8609
What are the prime factors of 33969596?
2, 8492399
What are the prime factors of 282298412?
2,